/(-4) a prime number?
False
Let q = 8 - 4. Let y(v) = -8*v - 12. Let k be y(-2). Suppose -k = z - 8, -z = -q*f + 328. Is f a prime number?
True
Let f = -78 - -76. Is f/(8/(-2676) + 0) a prime number?
False
Let u be (3/(-5))/((-1)/(-5)). Let z be (u - -6) + -4 + 0. Is 41/3 + z/(-3) a composite number?
True
Let k(c) = 1242*c**2 - 5*c + 3. Let u be k(2). Suppose u = 3*v - 2*p, 4*v = 4*p - p + 6614. Is v composite?
True
Let l(v) = 31*v**3 - 4*v**2 + 3*v + 5. Is l(4) a prime number?
False
Let t(r) = 2 + 0*r - 7*r - 3*r - 4*r. Let w be t(-5). Suppose -n = -3*q - w + 362, -96 = -q + n. Is q a prime number?
True
Let y = 32554 - -8937. Is y composite?
False
Let u be 70/175 + (-18)/(-5). Suppose u*b - 7577 = 267. Is b a prime number?
False
Suppose -d + 82 = -0. Suppose 3*w = -5*f + d, -2*f = -w - 5*f + 26. Suppose 17 = 2*c + 3*i, 0*c = 3*c + i - w. Is c a prime number?
False
Let d(c) = 2*c**2 + 23*c - 13. Suppose 6*h - h = -15. Let l be (18/3)/(h/(-6)). Is d(l) a composite number?
True
Suppose -4*g + 1 = 13, -31 = -5*l - 3*g. Suppose 0 = -2*t - l, 6*u - 3*t - 1496 = 2*u. Is u prime?
False
Suppose 6*k - 243 = 9*k. Let y = k + 736. Is y a prime number?
False
Suppose 0 = -0*s + 3*s + 9, 2*o - 8110 = -4*s. Is o a composite number?
True
Let x = 136156 + -86285. Is x a prime number?
True
Let s = 808 - -4971. Is s a prime number?
True
Suppose -4*r = -r, 2*r - 4 = -t. Suppose -12 = -t*h - 0. Suppose h*n - 85 = -z, 5*n = -6 - 4. Is z composite?
True
Suppose -7*a - 11139 + 30242 = 0. Is a composite?
False
Suppose -4*p + 40 = 2*u, -5*p - 25 = -u - 5. Let y be (225/u - 2)*16. Suppose y = 18*h - 14*h. Is h prime?
True
Suppose -5*k - 13456 = -4*i, 6932 + 6500 = 4*i + k. Is i composite?
False
Suppose 4598 = 2*w - 7248. Is w a composite number?
False
Let h(j) = -2*j - 4 - 6*j + 5. Suppose 0 = -k - 4*w + 14, -3*k + 0 = 4*w - 2. Is h(k) prime?
False
Let j(u) = -13*u - 20. Let r be j(-10). Suppose -180 - r = -2*c. Is c prime?
False
Suppose -2*h = -3*i - 0*h + 1735, 1157 = 2*i - h. Let m = 982 - i. Is m a composite number?
True
Let u = -6 + 10. Let b = -314 + 317. Suppose -2*i - 2*i + 664 = -b*a, -2*a + 684 = u*i. Is i a composite number?
True
Let u(x) = -2125*x**3 - 3*x**2 - 5. Let b(i) = -2124*i**3 - 4*i**2 - 6. Let w(p) = 4*b(p) - 5*u(p). Is w(1) a prime number?
True
Suppose -9*v + 12*v = -1719. Is (v/(-6))/((-2)/(-4)) a prime number?
True
Suppose -5*f - 30 = -11*f. Suppose 0 = -p - 3*l + 586, 0*l + f*l = -p + 584. Is p a composite number?
True
Let t = 15188 - 999. Is t prime?
False
Let j = 23 - 23. Suppose 0 = -j*z - z + 487. Is z prime?
True
Suppose -j - 2*y + 4*y = -1939, 7736 = 4*j - 3*y. Is j composite?
False
Let d(s) = -s + 15. Let g be d(17). Suppose -z - 1 + 0 = 0. Is 0 + 57 + g/z composite?
False
Let c(h) = -h**3 + 5*h**2 - h + 4. Let q be c(5). Let t be 24/36*(-9)/2. Is 154 + q + t + -1 a composite number?
False
Let u = 2266 - 1257. Is u composite?
False
Suppose -5*w = x - 3729, -12*w + 10*w = -3*x - 1478. Is w prime?
False
Let u(x) = 260*x**2 + 118*x - 71. Is u(11) a prime number?
True
Suppose 62841 = n + 2*f, 41575 = 2*n + 5*f - 84102. Is n composite?
False
Let k(n) be the third derivative of 31*n**5/10 + n**4/8 - 5*n**3/6 + 27*n**2. Is k(2) composite?
True
Suppose -2*s + 1100 = 3*s. Is s + ((-4)/2 - -1*5) composite?
False
Let h = -18030 + 32819. Is h a composite number?
True
Suppose -y + 5*p + 4879 = 0, -4*p + 3030 + 6756 = 2*y. Is y prime?
True
Let c = -113 + -6. Let z = c - -208. Is z a prime number?
True
Let k(o) = 0*o**2 - 9*o**3 + o - o**2 + 5 + 4*o**3 - 1. Let p = 27 - 30. Is k(p) prime?
True
Let z(g) = 1720*g - 79. Is z(9) a prime number?
True
Suppose -16*y + 11*y - 9500 = 0. Let s = y - -4511. Is s composite?
True
Let c be (-228)/(-44) + -3 + (-2)/11. Is (-10521)/(-12) + (-14)/8 + c prime?
True
Let o = -12 + 14. Suppose 5*x + o*r = 1218 - 253, -2*x + 5*r = -357. Is x a composite number?
False
Let m be (-6)/4*(2 - 44/6). Let g(h) = -h**2 + 13*h - 36. Is g(m) composite?
True
Suppose -10*j = -8*j - 1392. Let v = j - 349. Is v prime?
True
Suppose -9467 + 3572 = -5*u. Suppose -4*d - 2*n = -20, -7*n - 4 = -9*n. Suppose u = -y + d*y. Is y a prime number?
False
Let q(d) = -4*d**3 + d + 3. Let k be q(7). Let b = 2343 + k. Suppose h = 4*h - b. Is h prime?
False
Let d(u) = -2*u + 2 - u**3 + 3 + 1 + 16*u**2 - 10*u. Let m = -13 + 28. Is d(m) a composite number?
True
Let x(f) = 3*f**3 - 3*f**2 + f. Let p be x(2). Is 8225/p - 2/4 composite?
False
Suppose 30 = 5*l + 15. Let q(z) = l*z**2 - 5*z**2 + 13*z + 5*z**2 - z**2 - 23. Is q(-12) a prime number?
True
Suppose 10*c - 41126 = 5724. Is c composite?
True
Suppose -11*x + 51118 + 79375 = 0. Is x composite?
False
Let n(t) = -4*t - 1. Let z be n(-1). Suppose -z*j = 271 - 2398. Is j a composite number?
False
Suppose -2*r = -m - 2466, 0*m + 4*m + 2460 = 2*r. Suppose -2*d - r = -u - 4*d, 0 = 4*u + 5*d - 4933. Suppose -3*p = -u - 169. Is p a composite number?
False
Let x(f) = -3*f**2 + 5*f - 4. Let p be x(-3). Let a = p - -191. Is a prime?
False
Let y(c) = -8*c**3 + 15*c**2 + 16*c - 10. Is y(-11) a composite number?
False
Suppose 6*u - 49 = 29. Suppose 4*j + 1 = u. Suppose -74 = -j*m + m. Is m composite?
False
Let l(q) = 95*q + 111. Is l(8) a prime number?
False
Suppose -4*l - 782 = -3*l. Is (-4)/(-6) - l/6 a prime number?
True
Suppose i - 6344 = -5*h, 5*i + 0*i - 31648 = -h. Is i prime?
True
Let n(d) = -15*d - 1. Let i be n(1). Is 128 - 4/(i/12) composite?
False
Is (-1)/(-1) + 3606*17/17 a composite number?
False
Let u(g) = -g**3 + 7*g**2 - 4*g + 6. Suppose v - 3 = 4*s, -5 = -v + 3*s - s. Let b be u(v). Is b*(9/6 - 3) a composite number?
True
Suppose -3*p + 0*p - 12 = -5*w, -w + 4*p + 16 = 0. Suppose 0*g + g - 6 = w. Let t(o) = 75*o - 1. Is t(g) a prime number?
True
Let r(y) = -3827*y - 40. Is r(-1) composite?
True
Let x(b) = 13233*b**2 + 2. Is x(-1) a composite number?
True
Suppose 5 = -z, 86665 + 1095 = 5*p - z. Is p composite?
False
Suppose b = -4*i + 5 + 49, -3*i = 3*b - 36. Suppose 5*r + 4*u = i - 3481, -4*r - 3*u = 2774. Let d = -490 - r. Is d a prime number?
False
Let y(a) = 99291*a**3 + 2*a**2 + a - 1. Is y(1) a prime number?
False
Suppose 323 = i + 2*q, 5*i - 564 = 4*q + 1051. Suppose 3*w = -4*a + 715, -4*a = -w - 1018 + i. Let j = a - 44. Is j a prime number?
True
Let u be (2 - (-6)/(-12))/((-6)/109888). Let s = u + 39519. Is s a prime number?
False
Suppose 3*r = 3 + 3. Suppose -3*h = r*h. Suppose i - 282 = 2*p - 5*p, 3*i - 5*p - 776 = h. Is i prime?
False
Let y = 15 - 4. Let n(u) = 2*u + 1 - 24 + y*u + 2*u. Is n(10) a prime number?
True
Suppose -5*f = -40*t + 41*t - 648864, -4*t = 3*f - 389315. Is f a composite number?
True
Suppose -5*z = 6 + 14. Suppose -5*l - 165 = 2*u + 2*u, -4*l = 4. Is 92*z/u*5 a prime number?
False
Suppose -52 + 12 = -4*y. Let z(v) = -47*v + 39*v + y - 3. Is z(-13) a composite number?
True
Let b = -39 + 67. Let n = b - 28. Suppose 27*t - 26*t - 115 = n. Is t composite?
True
Suppose -2*v + 10 = -v. Suppose v*m = 7*m + 231. Is m prime?
False
Suppose -2*r - 52937 = -5*b, 2*b - 10*r - 21170 = -8*r. Is b prime?
True
Let z(m) be the second derivative of m**4/12 + m**3/6 - 9*m**2/2 - 13*m. Let n be z(3). Suppose 2*a + 7565 = -i + 6*i, 1526 = i - n*a. Is i a composite number?
False
Let p(i) = 9*i**2 - 6*i - 7. Let r(o) = -o**2 - 11*o + 7. Let n be r(-12). Let m be 8/(2 + 1 + n). Is p(m) a composite number?
True
Let r(d) = 2*d**2 - 14*d - 47 + 112 - 30. Is r(-16) a prime number?
False
Let a(x) be the second derivative of -x**4/12 + 2*x**3 + 9*x**2/2 + 4*x. Let v be a(12). Let g(t) = 2*t**2 - 13. Is g(v) composite?
False
Let q = -9 - 2. Let j = -8 - q. Suppose -j*g + 974 = -g. Is g a composite number?
False
Suppose 0*r = 5*r - 48045. Is r composite?
True
Suppose 25*v + 89*v - 188898 = 0. Is v composite?
False
Let o(h) = 3*h**3 - 14*h**2 + 36*h + 6. Is o(17) a prime number?
True
Let r(l) = 30*l**2 - 11*l + 5. Is r(-6) prime?
True
Let x be (-85)/(-2) - (-3)/6. Suppose -2*f = y - x, 3*y + 2*f = -3*f + 127. Is y prime?
False
Let w(r) = 27*r - 4. Let h = 138 + -98. Suppose -5*b = 5*s - h, 7*b - 3*s = 2*b. Is w(b) prime?
False
Suppose -14*u = -18*u + 16. Suppose 2*j + 57 = -5*l + 272, 4*l + 360 = u*j. Is j a composite number?
True
Suppose 0 = -7*s + 54603 - 21661. Suppose -7*t + 2*t = 5*l - 7840, 0 